{"id":192,"date":"2025-09-03T10:17:15","date_gmt":"2025-09-03T10:17:15","guid":{"rendered":"https:\/\/teszt.kolozsvariskola.hu\/?page_id=192"},"modified":"2025-09-03T10:17:15","modified_gmt":"2025-09-03T10:17:15","slug":"kotelezo-olvasmanyok","status":"publish","type":"page","link":"https:\/\/teszt.kolozsvariskola.hu\/index.php\/kotelezo-olvasmanyok\/","title":{"rendered":"K\u00f6telez\u0151 olvasm\u00e1nyok"},"content":{"rendered":"\n<p><strong><br>5.\u00e9vfolyam:<br>Moln\u00e1r Ferenc: A P\u00e1l utcai fi\u00fak<br>Fekete Istv\u00e1n: Bog\u00e1ncs VAGY A kopp\u00e1nyi aga testamentuma<br>&nbsp;<\/strong><\/p>\n\n\n\n<p><strong>6.\u00e9vfolyam:<br>G\u00e1rdonyi G\u00e9za: Egri csillagok<br>Daniel Defoe: Robinson Crusoe<br>&nbsp;<\/strong><\/p>\n\n\n\n<p><strong>7.\u00e9vfolyam:<br>William Shakespeare: Romeo \u00e9s J\u00falia<br>J\u00f3kai M\u00f3r: A nagyenyedi k\u00e9t f\u0171zfa VAGY A k\u0151sz\u00edv\u0171 ember fiai<br>Miksz\u00e1th K\u00e1lm\u00e1n: Szent P\u00e9ter eserny\u0151je<br>&nbsp;<\/strong><\/p>\n\n\n\n<p><strong>8.\u00e9vfolyam:<br>M\u00f3ricz Zsigmond: L\u00e9gy j\u00f3 mindhal\u00e1lig<br>Szab\u00f3 Magda: Abig\u00e9l<br>Agatha Christie: Mert t\u00f6bben nincsenek (T\u00edz kicsi n\u00e9ger)<\/strong><\/p>\n","protected":false},"excerpt":{"rendered":"<p>5.\u00e9vfolyam:Moln\u00e1r Ferenc: A P\u00e1l utcai fi\u00fakFekete Istv\u00e1n: Bog\u00e1ncs VAGY A kopp\u00e1nyi aga testamentuma&nbsp; 6.\u00e9vfolyam:G\u00e1rdonyi G\u00e9za: Egri csillagokDaniel Defoe: Robinson Crusoe&nbsp; 7.\u00e9vfolyam:William Shakespeare: Romeo \u00e9s J\u00faliaJ\u00f3kai &hellip; <\/p>\n","protected":false},"author":1,"featured_media":0,"parent":0,"menu_order":0,"comment_status":"closed","ping_status":"closed","template":"","meta":{"_price":"","_stock":"","_tribe_ticket_header":"","_tribe_default_ticket_provider":"","_tribe_ticket_capacity":"0","_ticket_start_date":"","_ticket_end_date":"","_tribe_ticket_show_description":"","_tribe_ticket_show_not_going":false,"_tribe_ticket_use_global_stock":"","_tribe_ticket_global_stock_level":"","_global_stock_mode":"","_global_stock_cap":"","_tribe_rsvp_for_event":"","_tribe_ticket_going_count":"","_tribe_ticket_not_going_count":"","_tribe_tickets_list":"[]","_tribe_ticket_has_attendee_info_fields":false,"footnotes":"","_tec_slr_enabled":"","_tec_slr_layout":""},"class_list":["post-192","page","type-page","status-publish","hentry"],"ticketed":false,"_links":{"self":[{"href":"https:\/\/teszt.kolozsvariskola.hu\/index.php\/wp-json\/wp\/v2\/pages\/192","targetHints":{"allow":["GET"]}}],"collection":[{"href":"https:\/\/teszt.kolozsvariskola.hu\/index.php\/wp-json\/wp\/v2\/pages"}],"about":[{"href":"https:\/\/teszt.kolozsvariskola.hu\/index.php\/wp-json\/wp\/v2\/types\/page"}],"author":[{"embeddable":true,"href":"https:\/\/teszt.kolozsvariskola.hu\/index.php\/wp-json\/wp\/v2\/users\/1"}],"replies":[{"embeddable":true,"href":"https:\/\/teszt.kolozsvariskola.hu\/index.php\/wp-json\/wp\/v2\/comments?post=192"}],"version-history":[{"count":1,"href":"https:\/\/teszt.kolozsvariskola.hu\/index.php\/wp-json\/wp\/v2\/pages\/192\/revisions"}],"predecessor-version":[{"id":194,"href":"https:\/\/teszt.kolozsvariskola.hu\/index.php\/wp-json\/wp\/v2\/pages\/192\/revisions\/194"}],"wp:attachment":[{"href":"https:\/\/teszt.kolozsvariskola.hu\/index.php\/wp-json\/wp\/v2\/media?parent=192"}],"curies":[{"name":"wp","href":"https:\/\/api.w.org\/{rel}","templated":true}]}}