{"id":168,"date":"2025-09-02T11:25:16","date_gmt":"2025-09-02T11:25:16","guid":{"rendered":"https:\/\/teszt.kolozsvariskola.hu\/?page_id=168"},"modified":"2025-09-11T14:20:17","modified_gmt":"2025-09-11T12:20:17","slug":"kapcsolat","status":"publish","type":"page","link":"https:\/\/teszt.kolozsvariskola.hu\/index.php\/kapcsolat\/","title":{"rendered":"Kapcsolat"},"content":{"rendered":"\n<figure class=\"wp-block-table\"><table class=\"has-fixed-layout\"><tbody><tr><td><strong><em>Int\u00e9zm\u00e9ny\u00fcnk a f\u0151v\u00e1ros XV. ker\u00fclet\u00e9ben, R\u00e1kospalot\u00e1n,<\/em><\/strong><strong><em>a M\u00e9zeskal\u00e1cs t\u00e9ri lak\u00f3telep szomsz\u00e9ds\u00e1g\u00e1ban,<\/em><\/strong><strong><em>csal\u00e1di h\u00e1zas k\u00f6rnyezetben helyezkedik el.<\/em><\/strong><\/td><\/tr><\/tbody><\/table><\/figure>\n\n\n\n<div class=\"wp-block-columns is-layout-flex wp-container-core-columns-is-layout-9d6595d7 wp-block-columns-is-layout-flex\">\n<div class=\"wp-block-column is-layout-flow wp-block-column-is-layout-flow\" style=\"flex-basis:100%\">\n<figure class=\"wp-block-table aligncenter\"><table class=\"has-fixed-layout\"><tbody><tr><td><strong><em>Int\u00e9zm\u00e9ny\u00fcnk a f\u0151v\u00e1ros XV. ker\u00fclet\u00e9ben, R\u00e1kospalot\u00e1n,<\/em><\/strong><br><strong><em>a M\u00e9zeskal\u00e1cs t\u00e9ri lak\u00f3telep szomsz\u00e9ds\u00e1g\u00e1ban,<\/em><\/strong><br><strong><em>csal\u00e1di h\u00e1zas k\u00f6rnyezetben helyezkedik el.<\/em><\/strong><br>\u00a0<br>\u00a0<br>\u00a0<br><strong>I<u>skola neve:<\/u>\u00a0\u00a0\u00a0\u00a0\u00a0\u00a0 Kolozsv\u00e1r Utcai \u00c1ltal\u00e1nos Iskola<br><br><u>OM azonos\u00edt\u00f3:<\/u><\/strong>\u00a0\u00a0 035073\u00a0<br><strong>C\u00edm:<\/strong>\u00a0\u00a0\u00a0\u00a0\u00a0\u00a0\u00a0\u00a0\u00a0\u00a0\u00a0\u00a0\u00a0\u00a0\u00a0\u00a0\u00a0\u00a0\u00a0\u00a0 1155 Budapest, Kolozsv\u00e1r utca 1.<br><strong><u>Telefon:<\/u>\u00a0\u00a0\u00a0\u00a0\u00a0\u00a0\u00a0\u00a0\u00a0\u00a0\u00a0\u00a0\u00a0\u00a0\u00a0<\/strong>419-2413<br><br><strong><u>E-mail:<\/u>\u00a0<\/strong>\u00a0\u00a0\u00a0\u00a0\u00a0\u00a0\u00a0\u00a0\u00a0\u00a0\u00a0\u00a0\u00a0\u00a0<br><br>                                  <strong><em>Igazgat\u00f3<\/em><\/strong><strong><em>:<\/em><\/strong><br>\u00a0\u00a0\u00a0\u00a0\u00a0\u00a0\u00a0\u00a0\u00a0\u00a0\u00a0\u00a0\u00a0\u00a0\u00a0\u00a0\u00a0\u00a0\u00a0\u00a0\u00a0\u00a0\u00a0\u00a0\u00a0\u00a0\u00a0\u00a0\u00a0<br>                     <a href=\"mailto:igazgato@kolozsvariskola.hu\">igazgato@kolozsvariskola.hu<\/a><br><br>\u00a0\u00a0\u00a0\u00a0\u00a0\u00a0\u00a0\u00a0\u00a0\u00a0\u00a0\u00a0\u00a0\u00a0\u00a0\u00a0\u00a0\u00a0\u00a0\u00a0\u00a0\u00a0\u00a0\u00a0\u00a0\u00a0<strong><em>Fels\u0151s igazgat\u00f3helyettes:<\/em><\/strong><br>\u00a0\u00a0\u00a0\u00a0\u00a0\u00a0\u00a0\u00a0\u00a0\u00a0\u00a0\u00a0\u00a0\u00a0\u00a0\u00a0\u00a0\u00a0\u00a0\u00a0\u00a0\u00a0\u00a0\u00a0\u00a0\u00a0\u00a0\u00a0\u00a0<br>                          <a href=\"mailto:felso.h@kolozsvariskola.hu\">felso.h@kolozsvariskola.hu<\/a><br><br>\u00a0\u00a0\u00a0\u00a0\u00a0\u00a0\u00a0\u00a0\u00a0\u00a0\u00a0\u00a0\u00a0\u00a0\u00a0\u00a0\u00a0\u00a0\u00a0\u00a0\u00a0\u00a0\u00a0\u00a0\u00a0<strong><em>Als\u00f3s igazgat\u00f3helyettes:<\/em><\/strong><br>\u00a0\u00a0\u00a0\u00a0\u00a0\u00a0\u00a0\u00a0\u00a0\u00a0\u00a0\u00a0\u00a0\u00a0\u00a0\u00a0\u00a0\u00a0\u00a0\u00a0\u00a0\u00a0\u00a0\u00a0\u00a0\u00a0\u00a0\u00a0\u00a0<br>                          <a href=\"mailto:also.h@kolozsvariskola.hu\">also.h@kolozsvariskola.hu<\/a><br><br>\u00a0\u00a0\u00a0\u00a0\u00a0\u00a0\u00a0\u00a0\u00a0\u00a0\u00a0\u00a0\u00a0\u00a0\u00a0\u00a0\u00a0\u00a0\u00a0\u00a0\u00a0\u00a0\u00a0 \u00a0\u00a0\u00a0<br><a href=\"mailto:szabadidoszervezo@kolozsvariskola.hu\">\u00a0<\/a><br>\u00a0                                   <strong><em>Titk\u00e1rs\u00e1g:<\/em><\/strong><br><strong><em>\u00a0\u00a0\u00a0\u00a0\u00a0\u00a0\u00a0\u00a0\u00a0\u00a0\u00a0\u00a0\u00a0\u00a0\u00a0\u00a0\u00a0\u00a0\u00a0\u00a0\u00a0\u00a0\u00a0<\/em><\/strong><a href=\"mailto:titkarsag@kolozsvariskola.hu\">titkarsag@kolozsvariskola.hu<\/a><br>\u00a0<br>\u00a0\u00a0\u00a0\u00a0\u00a0\u00a0\u00a0\u00a0\u00a0\u00a0\u00a0\u00a0\u00a0\u00a0\u00a0\u00a0\u00a0\u00a0\u00a0\u00a0\u00a0\u00a0\u00a0\u00a0\u00a0\u00a0\u00a0\u00a0\u00a0<strong><em>Iskola pszichol\u00f3gus:<\/em><\/strong><br>\u00a0\u00a0\u00a0\u00a0\u00a0\u00a0\u00a0\u00a0\u00a0\u00a0\u00a0\u00a0\u00a0\u00a0\u00a0\u00a0\u00a0\u00a0\u00a0\u00a0\u00a0\u00a0\u00a0\u00a0\u00a0\u00a0\u00a0\u00a0\u00a0<br>                <a href=\"mailto:pszichologus@kolozsvariskola.hu\">pszichologus@kolozsvariskola.hu<\/a><br>\u00a0<br>\u00a0\u00a0\u00a0\u00a0\u00a0\u00a0\u00a0\u00a0\u00a0\u00a0\u00a0\u00a0\u00a0\u00a0\u00a0\u00a0\u00a0\u00a0\u00a0\u00a0\u00a0\u00a0\u00a0\u00a0\u00a0\u00a0\u00a0\u00a0\u00a0<br>                                 <strong><em>Rendszergazda:<\/em><\/strong><br><strong><em>\u00a0\u00a0\u00a0\u00a0\u00a0\u00a0\u00a0\u00a0\u00a0\u00a0\u00a0\u00a0\u00a0\u00a0\u00a0\u00a0\u00a0\u00a0\u00a0\u00a0\u00a0\u00a0\u00a0\u00a0\u00a0\u00a0\u00a0\u00a0\u00a0<\/em><\/strong><a href=\"mailto:inf@kolozsvariskola\">inf@kolozsvariskola.hu<\/a><\/td><\/tr><\/tbody><\/table><\/figure>\n\n\n\n<p><\/p>\n<\/div>\n<\/div>\n","protected":false},"excerpt":{"rendered":"<p>Int\u00e9zm\u00e9ny\u00fcnk a f\u0151v\u00e1ros XV. ker\u00fclet\u00e9ben, R\u00e1kospalot\u00e1n,a M\u00e9zeskal\u00e1cs t\u00e9ri lak\u00f3telep szomsz\u00e9ds\u00e1g\u00e1ban,csal\u00e1di h\u00e1zas k\u00f6rnyezetben helyezkedik el. Int\u00e9zm\u00e9ny\u00fcnk a f\u0151v\u00e1ros XV. ker\u00fclet\u00e9ben, R\u00e1kospalot\u00e1n,a M\u00e9zeskal\u00e1cs t\u00e9ri lak\u00f3telep szomsz\u00e9ds\u00e1g\u00e1ban,csal\u00e1di h\u00e1zas &hellip; <\/p>\n","protected":false},"author":1,"featured_media":0,"parent":0,"menu_order":0,"comment_status":"closed","ping_status":"closed","template":"","meta":{"_price":"","_stock":"","_tribe_ticket_header":"","_tribe_default_ticket_provider":"","_tribe_ticket_capacity":"0","_ticket_start_date":"","_ticket_end_date":"","_tribe_ticket_show_description":"","_tribe_ticket_show_not_going":false,"_tribe_ticket_use_global_stock":"","_tribe_ticket_global_stock_level":"","_global_stock_mode":"","_global_stock_cap":"","_tribe_rsvp_for_event":"","_tribe_ticket_going_count":"","_tribe_ticket_not_going_count":"","_tribe_tickets_list":"[]","_tribe_ticket_has_attendee_info_fields":false,"footnotes":"","_tec_slr_enabled":"","_tec_slr_layout":""},"class_list":["post-168","page","type-page","status-publish","hentry"],"ticketed":false,"_links":{"self":[{"href":"https:\/\/teszt.kolozsvariskola.hu\/index.php\/wp-json\/wp\/v2\/pages\/168","targetHints":{"allow":["GET"]}}],"collection":[{"href":"https:\/\/teszt.kolozsvariskola.hu\/index.php\/wp-json\/wp\/v2\/pages"}],"about":[{"href":"https:\/\/teszt.kolozsvariskola.hu\/index.php\/wp-json\/wp\/v2\/types\/page"}],"author":[{"embeddable":true,"href":"https:\/\/teszt.kolozsvariskola.hu\/index.php\/wp-json\/wp\/v2\/users\/1"}],"replies":[{"embeddable":true,"href":"https:\/\/teszt.kolozsvariskola.hu\/index.php\/wp-json\/wp\/v2\/comments?post=168"}],"version-history":[{"count":3,"href":"https:\/\/teszt.kolozsvariskola.hu\/index.php\/wp-json\/wp\/v2\/pages\/168\/revisions"}],"predecessor-version":[{"id":302,"href":"https:\/\/teszt.kolozsvariskola.hu\/index.php\/wp-json\/wp\/v2\/pages\/168\/revisions\/302"}],"wp:attachment":[{"href":"https:\/\/teszt.kolozsvariskola.hu\/index.php\/wp-json\/wp\/v2\/media?parent=168"}],"curies":[{"name":"wp","href":"https:\/\/api.w.org\/{rel}","templated":true}]}}