{"id":147,"date":"2025-09-02T11:14:45","date_gmt":"2025-09-02T11:14:45","guid":{"rendered":"https:\/\/teszt.kolozsvariskola.hu\/?page_id=147"},"modified":"2025-09-02T11:14:45","modified_gmt":"2025-09-02T11:14:45","slug":"dok","status":"publish","type":"page","link":"https:\/\/teszt.kolozsvariskola.hu\/index.php\/dok\/","title":{"rendered":"D\u00d6K"},"content":{"rendered":"\n<p>Etikai K\u00f3dex<br>Gyorsan v\u00e1ltoz\u00f3 vil\u00e1gunkban tapasztalataink azt mutatt\u00e1k, hogy hasznos lenne<br>megfogalmazni a kultur\u00e1lt viselked\u00e9s \u00e1ltal\u00e1nos szab\u00e1lyait, a kapcsolattart\u00e1s k\u00f6vetend\u0151<br>erk\u00f6lcsi, etikai norm\u00e1it. Ez\u00e9rt l\u00e9trehoztuk iskol\u00e1nk Etikai K\u00f3dex\u00e9t.<br>Az Etikai K\u00f3dex a di\u00e1kok v\u00e9lem\u00e9ny\u00e9nek figyelembev\u00e9tel\u00e9vel k\u00e9sz\u00fclt, megismertett\u00fck azt<br>a sz\u00fcl\u0151i munkak\u00f6z\u00f6ss\u00e9ggel, v\u00e9gleges v\u00e1ltozat\u00e1t a tantest\u00fclet \u00e9s di\u00e1k\u00f6nkorm\u00e1nyzat<br>fogadta el.<br>Mi az Etikai K\u00f3dex?<br>Olyan tan\u00e1csok, etikai norm\u00e1k gy\u0171jtem\u00e9nye az iskolai k\u00f6z\u00f6ss\u00e9g sz\u00e1m\u00e1ra, melyek<br>betart\u00e1sa n\u00f6veli a nevel\u0151-oktat\u00f3 munka hat\u00e9konys\u00e1g\u00e1t, valamint hat\u00e9konyabb<br>egy\u00fcttm\u0171k\u00f6d\u00e9sre \u00f6szt\u00f6nzi annak szerepl\u0151it.<br>Az Etikai K\u00f3dex nem jogszab\u00e1lyok gy\u0171jtem\u00e9nye, de el\u0151\u00edr\u00e1sainak betart\u00e1sa az iskolai<br>k\u00f6z\u00f6ss\u00e9g k\u00f6z\u00f6s \u00e9rdeke. Seg\u00edti az iskolai k\u00f6z\u00f6ss\u00e9gi \u00e9letet, hozz\u00e1j\u00e1rul a di\u00e1kok, sz\u00fcl\u0151k \u00e9s<br>tan\u00e1rok k\u00f6z\u00f6tti j\u00f3 kapcsolat kialak\u00edt\u00e1s\u00e1hoz.<br>Tanul\u00e1shoz val\u00f3 hozz\u00e1\u00e1ll\u00e1s \u00e9s \u00e1ltal\u00e1nos magatart\u00e1si szab\u00e1lyok<br>\uf0b7 Saj\u00e1t \u00e9rdekedben tartsd szem el\u0151tt, hogy els\u0151rend\u0171 k\u00f6teless\u00e9ged, a munk\u00e1d: a<br>tanul\u00e1s; ez\u00e9rt mindent tegy\u00e9l meg, hogy rendszeresen \u00e9s lelkiismeretesen k\u00e9sz\u00fclj<br>a tan\u00f3r\u00e1kra<br>\u201eNem az iskol\u00e1nak, hanem az \u00e9letnek tanulunk.\u201d(Seneca)<br>\uf0b7 Az iskol\u00e1ban tan\u00edt\u00e1s el\u0151tt illetve tan\u00edt\u00e1si \u00f3r\u00e1kon pontosan jelen\u00fcnk meg. A<br>tan\u00f3r\u00e1kra felk\u00e9sz\u00fclten \u00e9rkez\u00fcnk \u00e9s fegyelmezetten viselked\u00fcnk.<br>\uf0b7 Hi\u00e1nyz\u00e1s eset\u00e9n tan\u00e1rainkkal egyeztetett \u00fctemben p\u00f3toljuk lemarad\u00e1sainkat.<br>\uf0b7 A tan\u00edt\u00e1si \u00f3r\u00e1kon, foglalkoz\u00e1sokon minden di\u00e1knak joga van megfelel\u0151<br>k\u00f6r\u00fclm\u00e9nyek k\u00f6z\u00f6tt tanulni, ez\u00e9rt nem zavarjuk egym\u00e1s tanulm\u00e1nyi munk\u00e1j\u00e1t!<br>K\u00f6rnyezetv\u00e9delem \u00e9s eg\u00e9szs\u00e9ges \u00e9letm\u00f3d<br>\uf0b7 V\u00e9dj\u00fck k\u00f6rnyezet\u00fcnket. Az iskola helyis\u00e9geit rendeltet\u00e9sszer\u0171en haszn\u00e1ljuk.<br>\uf0b7 A tisztas\u00e1g meg\u0151rz\u00e9se mindannyiunk j\u00f3l felfogott \u00e9rdeke.<br>\uf0b7 \u00dcgyelj saj\u00e1t \u00e9s t\u00e1rsaid testi \u00e9ps\u00e9g\u00e9re, eg\u00e9szs\u00e9g\u00e9re! \u00dcgyel\u00fcnk az \u00e9p\u00fclet, az udvar,<br>a tantermek \u00e9s a folyos\u00f3k tisztas\u00e1g\u00e1ra, a hullad\u00e9kot a szemetesbe tessz\u00fck!<br>Padunkban rendet \u00e9s tisztas\u00e1got tartunk.<br>\uf0b7 T\u0171zvesz\u00e9lyes \u00e9s balesetet okozhat\u00f3 t\u00e1rgyakat sem az iskol\u00e1ba, sem az iskola \u00e1ltal<br>szervezett programokra nem visz\u00fcnk.<br>\uf0b7 Az alkohol, a drog \u00e9s a cigaretta fogyaszt\u00e1sa tilos.<br>\uf0b7 A mosd\u00f3ban \u00fcgyel\u00fcnk a higi\u00e9niai szab\u00e1lyokra.<br>\uf0b7 Fontos, hogy sportoljunk, eg\u00e9szs\u00e9gesen \u00e9lj\u00fcnk, \u00e9tkezz\u00fcnk!<br>Viselked\u00e9si kult\u00fara<br>\uf0b7 V\u00e9lem\u00e9nyednek term\u00e9szetesen hangot adhatsz, de mindig \u00fcgyelj arra, hogy ez<br>megfelel\u0151 helyen \u00e9s megfelel\u0151 hangnemben t\u00f6rt\u00e9njen.<br>\uf0b7 A magatart\u00e1s, vagyis a m\u00e1sokhoz, k\u00f6rnyezet\u00fcnkh\u00f6z val\u00f3 viszonyunk a<br>viselked\u00e9sen kereszt\u00fcl jut kifejez\u00e9sre. A viselked\u00e9sbe beletartozik a t\u00e1rsas\u00e1gi<br>megnyilatkoz\u00e1s mindenf\u00e9le form\u00e1ja. T\u00f6rekedj a kultur\u00e1lt viselked\u00e9sre, igyekezz<br>betartani az \u00e1ltal\u00e1nos udvariass\u00e1gi szab\u00e1lyokat!<br>\uf0b7 Tan\u00e1raidhoz, iskol\u00e1nk valamennyi dolgoz\u00f3j\u00e1hoz \u00e9s di\u00e1kt\u00e1rsaidhoz tisztelettel<br>fordulj; emberi m\u00e9lt\u00f3s\u00e1gukat \u00e9s szem\u00e9lyis\u00e9gi jogait tiszteletben tartva. T\u00e1rsaink<br>k\u00f6z\u00f6tt h\u00e1tr\u00e1nyos megk\u00fcl\u00f6nb\u00f6ztet\u00e9st nem alkalmazunk.<br>\uf0b7 Az iskola rendezv\u00e9nyein az alapvet\u0151 etikai, erk\u00f6lcsi norm\u00e1knak megfelel\u0151en<br>viselked\u00fcnk. Az iskolai \u00fcnneps\u00e9geken az alkalomhoz m\u00e9lt\u00f3 \u00f6lt\u00f6z\u00e9kben jelen\u00fcnk<br>meg.<br>\uf0b7 A tan\u00f3r\u00e1n megsz\u00f3lal\u00f3 mobilt a tan\u00e1r elveszi- h\u00e1zirend szerinti elj\u00e1r\u00e1srend k\u00f6veti<br>\uf0b7 A tan\u00f3r\u00e1kon nem r\u00e1g\u00f3gumizunk!<br>\uf0b7 Az int\u00e9zm\u00e9ny ter\u00fclet\u00e9n \u00fagy viselked\u00fcnk, \u00e9s \u00fagy k\u00f6zleked\u00fcnk, hogy ne<br>vesz\u00e9lyeztess\u00fck se a magunk, se t\u00e1rsaink testi \u00e9ps\u00e9g\u00e9t.<br>\uf0b7 Az \u00e1ltal\u00e1nos emberi egy\u00fctt\u00e9l\u00e9si szab\u00e1lyokat k\u00f6teless\u00e9g\u00fcnk megtartani!<br>\uf0b7 Kir\u00edv\u00f3 \u00e9kszereket nem visel\u00fcnk! \u00d6lt\u00f6zk\u00f6d\u00e9s\u00fcnk a kultur\u00e1lt megjelen\u00e9snek<br>megfelel.<br>\uf0b7 Sz\u00ednh\u00e1zban \u00e9s m\u00e1s kultur\u00e1lis programokon alkalomhoz ill\u0151 \u00f6lt\u00f6zetben jelen\u00fcnk<br>meg, \u00e9s kultur\u00e1ltan viselked\u00fcnk.<br>\uf0b7 Az iskol\u00e1ban betartjuk a kultur\u00e1lt \u00e9tkez\u00e9s szab\u00e1lyait.<br>\uf0b7 Semmilyen k\u00f6r\u00fclm\u00e9nyek k\u00f6z\u00f6tt ne folyamodjunk tettlegess\u00e9ghez, er\u0151szakhoz.<br>\uf0b7 Nem haszn\u00e1lunk \u00edzl\u00e9stelen, durva, s\u00e9rt\u0151 kifejez\u00e9seket. Ker\u00fclj\u00fck a hangoskod\u00e1st.<br>A tr\u00e1g\u00e1r besz\u00e9d \u00e9s a k\u00e1romkod\u00e1s nem megengedett.<br>\uf0b7 Tisztelj\u00fck m\u00e1sok v\u00e9lem\u00e9ny\u00e9t, meggy\u0151z\u0151d\u00e9s\u00e9t, hit\u00e9t.<br>Etikus magatart\u00e1s<br>\uf0b7 Sz\u00fcleinket az iskolai esem\u00e9nyekr\u0151l pontosan t\u00e1j\u00e9koztatjuk.<br>\uf0b7 Szem\u00e9lyes holminkra, taneszk\u00f6zeinkre, az iskol\u00e1ba magunkkal hozott<br>\u00e9rt\u00e9kt\u00e1rgyakra vigy\u00e1zunk. M\u00e1s szem\u00e9lyes dolgaihoz, t\u00e1rgyaihoz nem ny\u00falunk. A<br>gazd\u00e1tlan t\u00e1rgyakat a port\u00e1n leadjuk.<br>\uf0b7 Sz\u00fcnetekben nem \u00edrunk \u00e9s m\u00e1solunk h\u00e1zi feladatot.<br>\uf0b7 Az iskola \u00e9rt\u00fcnk van, ez\u00e9rt \u00f3vjuk erk\u00f6lcsi \u00e9s anyagi \u00e9rt\u00e9keit!<br>K\u00f6z\u00f6ss\u00e9g \u00e9s hagyom\u00e1nyok<br>\uf0b7 R\u00e9szt vesz\u00fcnk az iskola hagyom\u00e1nyainak megfelel\u0151 szabadid\u0151s programokon.<br>\uf0b7 T\u00f6reksz\u00fcnk arra, hogy tev\u00e9keny tagjai legy\u00fcnk a k\u00f6z\u00f6ss\u00e9gnek.<br>\uf0b7 Tisztelj\u00fck iskol\u00e1nk hagyom\u00e1nyait, hogy b\u00fcszk\u00e9n vallhassuk magunkat<br>\u201eKolozsv\u00e1ros\u201d di\u00e1knak.<br>B\u00fcszk\u00e9k vagyunk iskol\u00e1nkra, \u00fagy viselked\u00fcnk, hogy az iskol\u00e1nk is<br>b\u00fcszke lehessen r\u00e1nk!<br>K\u00e9sz\u00edtette: Kolozsv\u00e1r Utcai \u00c1ltal\u00e1nos Iskola Di\u00e1k\u00f6nkorm\u00e1nyzata,<br>Kom\u00e1romi-Nagy Krisztina D\u00d6K seg\u00edt\u0151 pedag\u00f3gussal<\/p>\n","protected":false},"excerpt":{"rendered":"<p>Etikai K\u00f3dexGyorsan v\u00e1ltoz\u00f3 vil\u00e1gunkban tapasztalataink azt mutatt\u00e1k, hogy hasznos lennemegfogalmazni a kultur\u00e1lt viselked\u00e9s \u00e1ltal\u00e1nos szab\u00e1lyait, a kapcsolattart\u00e1s k\u00f6vetend\u0151erk\u00f6lcsi, etikai norm\u00e1it. Ez\u00e9rt l\u00e9trehoztuk iskol\u00e1nk Etikai K\u00f3dex\u00e9t.Az &hellip; <\/p>\n","protected":false},"author":1,"featured_media":0,"parent":0,"menu_order":0,"comment_status":"closed","ping_status":"closed","template":"","meta":{"_price":"","_stock":"","_tribe_ticket_header":"","_tribe_default_ticket_provider":"","_tribe_ticket_capacity":"0","_ticket_start_date":"","_ticket_end_date":"","_tribe_ticket_show_description":"","_tribe_ticket_show_not_going":false,"_tribe_ticket_use_global_stock":"","_tribe_ticket_global_stock_level":"","_global_stock_mode":"","_global_stock_cap":"","_tribe_rsvp_for_event":"","_tribe_ticket_going_count":"","_tribe_ticket_not_going_count":"","_tribe_tickets_list":"[]","_tribe_ticket_has_attendee_info_fields":false,"footnotes":"","_tec_slr_enabled":"","_tec_slr_layout":""},"class_list":["post-147","page","type-page","status-publish","hentry"],"ticketed":false,"_links":{"self":[{"href":"https:\/\/teszt.kolozsvariskola.hu\/index.php\/wp-json\/wp\/v2\/pages\/147","targetHints":{"allow":["GET"]}}],"collection":[{"href":"https:\/\/teszt.kolozsvariskola.hu\/index.php\/wp-json\/wp\/v2\/pages"}],"about":[{"href":"https:\/\/teszt.kolozsvariskola.hu\/index.php\/wp-json\/wp\/v2\/types\/page"}],"author":[{"embeddable":true,"href":"https:\/\/teszt.kolozsvariskola.hu\/index.php\/wp-json\/wp\/v2\/users\/1"}],"replies":[{"embeddable":true,"href":"https:\/\/teszt.kolozsvariskola.hu\/index.php\/wp-json\/wp\/v2\/comments?post=147"}],"version-history":[{"count":1,"href":"https:\/\/teszt.kolozsvariskola.hu\/index.php\/wp-json\/wp\/v2\/pages\/147\/revisions"}],"predecessor-version":[{"id":150,"href":"https:\/\/teszt.kolozsvariskola.hu\/index.php\/wp-json\/wp\/v2\/pages\/147\/revisions\/150"}],"wp:attachment":[{"href":"https:\/\/teszt.kolozsvariskola.hu\/index.php\/wp-json\/wp\/v2\/media?parent=147"}],"curies":[{"name":"wp","href":"https:\/\/api.w.org\/{rel}","templated":true}]}}